{"id":983,"date":"2025-07-15T12:33:09","date_gmt":"2025-07-15T12:33:09","guid":{"rendered":"https:\/\/miguelangeljoyeros.es\/?page_id=983"},"modified":"2025-07-16T08:00:30","modified_gmt":"2025-07-16T08:00:30","slug":"politica-de-privacidad","status":"publish","type":"page","link":"https:\/\/miguelangeljoyeros.es\/index.php\/politica-de-privacidad\/","title":{"rendered":"Politica de Privacidad"},"content":{"rendered":"<p class=\"has-black-color has-text-color has-link-color wp-elements-d396735bea3526a64971c5d9eed53eec\" style=\"margin-top:0;margin-right:10rem;margin-bottom:0;margin-left:10rem;padding-right:10rem;padding-left:10rem\">En MIGUEL ANGEL NAVARRO CALERO nos preocupamos por la privacidad y la transparencia. A continuaci\u00f3n, le indicamos en detalle los tratamientos de datos personales que realizamos, as\u00ed como toda la informaci\u00f3n relativa a los mismos.<\/p><h4 class=\"wp-block-gutenverse-heading guten-element guten-82rC5q\">Tratamiento de los datos de potenciales clientes y contactos<\/h4><figure class=\"wp-block-table is-style-regular\" style=\"margin-right:10rem;margin-left:10rem;padding-right:10rem;padding-left:10rem\"><table class=\"has-sixth-color has-text-color has-link-color\"><thead><tr><th>Informaci\u00f3n b\u00e1sica sobre Protecci\u00f3n de datos<\/th><th><\/th><\/tr><\/thead><tbody><tr><td><strong>Responsable: <\/strong><\/td><td>MIGUEL ANGEL NAVARRO CALERO<\/td><\/tr><tr><td><strong>Finalidad: <\/strong><\/td><td>Atender su solicitud y enviarle comunicaciones promocionales<\/td><\/tr><tr><td><br><strong>Legitimaci\u00f3n:<br><\/strong><\/td><td>Ejecuci\u00f3n de un contrato o medidas precontractuales.<br>Consentimiento del interesado.<br>Inter\u00e9s leg\u00edtimo del Responsable.<\/td><\/tr><tr><td><strong>Destinatarios: <\/strong><\/td><td>No se ceder\u00e1n datos a terceros, salvo obligaci\u00f3n legal.<\/td><\/tr><tr><td><strong>Derechos:<\/strong><\/td><td>Tiene derecho a acceder, rectificar y suprimir los datos, as\u00ed como<br>otros derechos, indicados en la informaci\u00f3n adicional, que puede<br>ejercer dirigi\u00e9ndose a sergio@prevecam.es.<\/td><\/tr><tr><td><strong>Procedencia: <\/strong><\/td><td>El propio interesado<\/td><\/tr><\/tbody><\/table><\/figure><h4 class=\"wp-block-gutenverse-heading guten-element guten-5d9mQA\">Informaci\u00f3n completa sobre Protecci\u00f3n de Datos<\/h4><h4 class=\"wp-block-gutenverse-heading guten-element guten-cCsbn7\">1. \u00bfQui\u00e9n es el responsable del tratamiento de sus datos?<\/h4><p class=\"has-black-color has-text-color has-link-color wp-elements-c2bc4e4a6822609f6465d743ea3ed161\" style=\"margin-right:10rem;margin-left:10rem;padding-right:10rem;padding-left:10rem\">MIGUEL ANGEL NAVARRO CALERO<br>07557195Q<br>C\/ OCTAVIO CUARTERO, 115 BAJO &#8211; 02004 &#8211; ALBACETE<br>607401320<br>info@miguelangeljoyeros.es<\/p><h5 class=\"wp-block-gutenverse-heading guten-element guten-akW3lN\">     1.1 Datos de contacto del Delegado de Protecci\u00f3n de Datos (DPD):<\/h5><p class=\"has-black-color has-text-color has-link-color wp-elements-f5d019343d93258ff004ad194e7b4386\" style=\"margin-right:10rem;margin-left:10rem;padding-right:10rem;padding-left:10rem\">SERGIO COMBADIERA GALLARDO<br>sergio@prevecam.es<\/p><h4 class=\"wp-block-gutenverse-heading guten-element guten-BPGMVS\">2. \u00bfCon qu\u00e9 finalidad tratamos sus datos personales?<\/h4><p class=\"has-black-color has-text-color has-link-color wp-elements-b458c0401054f3d595941fb132d04db8\" style=\"margin-right:10rem;margin-left:10rem;padding-right:10rem;padding-left:10rem\">En MIGUEL ANGEL NAVARRO CALERO tratamos la informaci\u00f3n que nos facilitan las personas interesadas con el fin de realizar la gesti\u00f3n de potenciales clientes que se han interesado sobre nuestros productos y\/o servicios, as\u00ed como otros contactos comerciales y realizar, en su caso, el env\u00edo de comunicaciones promocionales, inclusive por v\u00eda electr\u00f3nica. En el caso de que no facilite sus datos personales, no podremos cumplir con las finalidades descritas. No se van a tomar decisiones automatizadas en base a los datos proporcionados.<\/p><h4 class=\"wp-block-gutenverse-heading guten-element guten-WEne7V\">3. \u00bfPor cu\u00e1nto tiempo conservaremos sus datos?<\/h4><p class=\"has-black-color has-text-color has-link-color wp-elements-29e0544ab19f6d8ba37f122313c38fcd\" style=\"margin-right:10rem;margin-left:10rem;padding-right:10rem;padding-left:10rem\">Los datos se conservar\u00e1n mientras el interesado no solicite su supresi\u00f3n.<\/p><h4 class=\"wp-block-gutenverse-heading guten-element guten-1a89ZH\">4. \u00bfCu\u00e1l es la legitimaci\u00f3n para el tratamiento de sus datos?<\/h4><p class=\"has-black-color has-text-color has-link-color wp-elements-21cd655a345ef5a6c8af02d8f22e8b07\" style=\"margin-right:10rem;margin-left:10rem;padding-right:10rem;padding-left:10rem\">Le indicamos la base legal para el tratamiento de sus datos:<br>&#8211; Ejecuci\u00f3n de un contrato o medidas precontractuales: Gesti\u00f3n de potenciales<br>clientes que se han interesado sobre nuestros productos y\/o servicios. (RGPD,<br>art. 6.1.b).<br>&#8211; Consentimiento del interesado: Enviar comunicaciones promocionales, inclusive<br>por v\u00eda electr\u00f3nica. (RGPD, art. 6.1.a, LSSICE art.21).<br>&#8211; Inter\u00e9s leg\u00edtimo del Responsable: Gesti\u00f3n de los datos de contacto profesionales<br>(LOPDGDD art.19, RGPD art. 6.1.f).<\/p><h4 class=\"wp-block-gutenverse-heading guten-element guten-ry6dmF\">5. \u00bfA qu\u00e9 destinatarios se comunicar\u00e1n sus datos?<\/h4><p class=\"has-black-color has-text-color has-link-color wp-elements-070be5fd0bd0a51f9f68044042f07030\" style=\"margin-right:10rem;margin-left:10rem;padding-right:10rem;padding-left:10rem\">No se ceder\u00e1n datos a terceros, salvo obligaci\u00f3n legal.<\/p><h4 class=\"wp-block-gutenverse-heading guten-element guten-Vtl6LW\">6. Transferencias de datos a terceros pa\u00edses<\/h4><p class=\"has-black-color has-text-color has-link-color wp-elements-87364ffb33832fd275905eae3a16c403\" style=\"margin-right:10rem;margin-left:10rem;padding-right:10rem;padding-left:10rem\">No est\u00e1n previstas transferencias de datos a terceros pa\u00edses.<\/p><h4 class=\"wp-block-gutenverse-heading guten-element guten-iipuRt\">7. \u00bfCu\u00e1les son sus derechos cuando nos facilita sus datos?<\/h4><p class=\"has-black-color has-text-color has-link-color wp-elements-1ffdc8d5758dedb82bae137b86ddff6a\" style=\"margin-right:10rem;margin-left:10rem;padding-right:10rem;padding-left:10rem\">Cualquier persona tiene derecho a obtener confirmaci\u00f3n sobre si en MIGUEL ANGEL NAVARRO CALERO estamos tratando, o no, datos personales que les conciernan. Las personas interesadas tienen derecho a acceder a sus datos personales, as\u00ed como a solicitar la rectificaci\u00f3n de los datos inexactos o, en su caso, solicitar su supresi\u00f3n cuando, entre otros motivos, los datos ya no sean necesarios para los fines que fueron recogidos. Igualmente tiene derecho a la portabilidad de sus datos. En determinadas circunstancias, los interesados podr\u00e1n solicitar la limitaci\u00f3n del tratamiento de sus datos, en cuyo caso \u00fanicamente los conservaremos para el ejercicio o la defensa de reclamaciones. En determinadas circunstancias y por motivos relacionados con su situaci\u00f3n particular, los interesados podr\u00e1n oponerse al tratamiento de sus datos. En este caso, MIGUEL ANGEL NAVARRO CALERO dejar\u00e1 de tratar los datos, salvo por motivos leg\u00edtimos imperiosos, o el ejercicio o la defensa de posibles reclamaciones. Podr\u00e1 ejercitar materialmente sus derechos de la siguiente forma: dirigi\u00e9ndose a sergio@prevecam.es. Cuando se realice el env\u00edo de comunicaciones comerciales utilizando como base jur\u00eddica el inter\u00e9s leg\u00edtimo del responsable, el interesado podr\u00e1 oponerse al tratamiento de sus datos con ese fin. Si ha otorgado su consentimiento para alguna finalidad concreta, tiene derecho a retirar el consentimiento otorgado en cualquier momento, sin que ello afecte a la licitud del tratamiento basado en el consentimiento previo a su retirada. En caso de que sienta vulnerados sus derechos en lo concerniente a la protecci\u00f3n de sus datos personales, especialmente cuando no haya obtenido satisfacci\u00f3n en el ejercicio de sus derechos, puede presentar una reclamaci\u00f3n ante la Autoridad de Control en materia de Protecci\u00f3n de Datos competente a trav\u00e9s de su sitio web: www.aepd.es.<\/p><h4 class=\"wp-block-gutenverse-heading guten-element guten-hwHyKl\">8. \u00bfC\u00f3mo hemos obtenido sus datos?<\/h4><p class=\"has-black-color has-text-color has-link-color wp-elements-88d3f5fb493a93e833ab1f10c6b86027\" style=\"margin-right:10rem;margin-left:10rem;padding-right:10rem;padding-left:10rem\">Los datos personales que tratamos en MIGUEL ANGEL NAVARRO CALERO proceden de: El propio interesado.<\/p><p><\/p>","protected":false},"excerpt":{"rendered":"<p>En MIGUEL ANGEL NAVARRO CALERO nos preocupamos por la privacidad y la transparencia. A continuaci\u00f3n, le indicamos en detalle los tratamientos de datos personales que realizamos, as\u00ed como toda la informaci\u00f3n relativa a los mismos. Informaci\u00f3n b\u00e1sica sobre Protecci\u00f3n de datos Responsable: MIGUEL ANGEL NAVARRO CALERO Finalidad: Atender su solicitud y enviarle comunicaciones promocionales Legitimaci\u00f3n: Ejecuci\u00f3n de un contrato o medidas precontractuales.Consentimiento del interesado.Inter\u00e9s leg\u00edtimo del Responsable. Destinatarios: No se ceder\u00e1n datos a terceros, salvo obligaci\u00f3n legal. Derechos: Tiene derecho a acceder, rectificar y suprimir los datos, as\u00ed comootros derechos, indicados en la informaci\u00f3n adicional, que puedeejercer dirigi\u00e9ndose a sergio@prevecam.es.<\/p>\n","protected":false},"author":1,"featured_media":0,"parent":0,"menu_order":0,"comment_status":"closed","ping_status":"closed","template":"","meta":{"footnotes":""},"class_list":["post-983","page","type-page","status-publish","hentry"],"yoast_head":"<!-- This site is optimized with the Yoast SEO plugin v23.7 - https:\/\/yoast.com\/wordpress\/plugins\/seo\/ -->\n<title>Politica de Privacidad - Miguel Angel Joyeros<\/title>\n<meta name=\"robots\" content=\"index, follow, max-snippet:-1, max-image-preview:large, max-video-preview:-1\" \/>\n<link rel=\"canonical\" href=\"https:\/\/miguelangeljoyeros.es\/index.php\/politica-de-privacidad\/\" \/>\n<meta property=\"og:locale\" content=\"es_ES\" \/>\n<meta property=\"og:type\" content=\"article\" \/>\n<meta property=\"og:title\" content=\"Politica de Privacidad - Miguel Angel Joyeros\" \/>\n<meta property=\"og:description\" content=\"En MIGUEL ANGEL NAVARRO CALERO nos preocupamos por la privacidad y la transparencia. A continuaci\u00f3n, le indicamos en detalle los tratamientos de datos personales que realizamos, as\u00ed como toda la informaci\u00f3n relativa a los mismos. Informaci\u00f3n b\u00e1sica sobre Protecci\u00f3n de datos Responsable: MIGUEL ANGEL NAVARRO CALERO Finalidad: Atender su solicitud y enviarle comunicaciones promocionales Legitimaci\u00f3n: Ejecuci\u00f3n de un contrato o medidas precontractuales.Consentimiento del interesado.Inter\u00e9s leg\u00edtimo del Responsable. Destinatarios: No se ceder\u00e1n datos a terceros, salvo obligaci\u00f3n legal. Derechos: Tiene derecho a acceder, rectificar y suprimir los datos, as\u00ed comootros derechos, indicados en la informaci\u00f3n adicional, que puedeejercer dirigi\u00e9ndose a sergio@prevecam.es.\" \/>\n<meta property=\"og:url\" content=\"https:\/\/miguelangeljoyeros.es\/index.php\/politica-de-privacidad\/\" \/>\n<meta property=\"og:site_name\" content=\"Miguel Angel Joyeros\" \/>\n<meta property=\"article:publisher\" content=\"https:\/\/www.facebook.com\/joyeria.miguelangel.31\/\" \/>\n<meta property=\"article:modified_time\" content=\"2025-07-16T08:00:30+00:00\" \/>\n<meta property=\"og:image\" content=\"https:\/\/miguelangeljoyeros.es\/wp-content\/uploads\/2023\/08\/logo3.png\" \/>\n\t<meta property=\"og:image:width\" content=\"467\" \/>\n\t<meta property=\"og:image:height\" content=\"187\" \/>\n\t<meta property=\"og:image:type\" content=\"image\/png\" \/>\n<meta name=\"twitter:card\" content=\"summary_large_image\" \/>\n<meta name=\"twitter:label1\" content=\"Tiempo de lectura\" \/>\n\t<meta name=\"twitter:data1\" content=\"4 minutos\" \/>\n<script type=\"application\/ld+json\" class=\"yoast-schema-graph\">{\"@context\":\"https:\/\/schema.org\",\"@graph\":[{\"@type\":\"WebPage\",\"@id\":\"https:\/\/miguelangeljoyeros.es\/index.php\/politica-de-privacidad\/\",\"url\":\"https:\/\/miguelangeljoyeros.es\/index.php\/politica-de-privacidad\/\",\"name\":\"Politica de Privacidad - Miguel Angel Joyeros\",\"isPartOf\":{\"@id\":\"https:\/\/miguelangeljoyeros.es\/#website\"},\"datePublished\":\"2025-07-15T12:33:09+00:00\",\"dateModified\":\"2025-07-16T08:00:30+00:00\",\"breadcrumb\":{\"@id\":\"https:\/\/miguelangeljoyeros.es\/index.php\/politica-de-privacidad\/#breadcrumb\"},\"inLanguage\":\"es\",\"potentialAction\":[{\"@type\":\"ReadAction\",\"target\":[\"https:\/\/miguelangeljoyeros.es\/index.php\/politica-de-privacidad\/\"]}]},{\"@type\":\"BreadcrumbList\",\"@id\":\"https:\/\/miguelangeljoyeros.es\/index.php\/politica-de-privacidad\/#breadcrumb\",\"itemListElement\":[{\"@type\":\"ListItem\",\"position\":1,\"name\":\"Portada\",\"item\":\"https:\/\/miguelangeljoyeros.es\/\"},{\"@type\":\"ListItem\",\"position\":2,\"name\":\"Politica de Privacidad\"}]},{\"@type\":\"WebSite\",\"@id\":\"https:\/\/miguelangeljoyeros.es\/#website\",\"url\":\"https:\/\/miguelangeljoyeros.es\/\",\"name\":\"Miguel \u00c1ngel Joyeros\",\"description\":\"Venta y reparaci\u00f3n de joyer\u00eda y relojer\u00eda de alta calidad\",\"publisher\":{\"@id\":\"https:\/\/miguelangeljoyeros.es\/#organization\"},\"alternateName\":\"Miguel \u00c1ngel Joyeros\",\"potentialAction\":[{\"@type\":\"SearchAction\",\"target\":{\"@type\":\"EntryPoint\",\"urlTemplate\":\"https:\/\/miguelangeljoyeros.es\/?s={search_term_string}\"},\"query-input\":{\"@type\":\"PropertyValueSpecification\",\"valueRequired\":true,\"valueName\":\"search_term_string\"}}],\"inLanguage\":\"es\"},{\"@type\":\"Organization\",\"@id\":\"https:\/\/miguelangeljoyeros.es\/#organization\",\"name\":\"Miguel \u00c1ngel Joyeros\",\"url\":\"https:\/\/miguelangeljoyeros.es\/\",\"logo\":{\"@type\":\"ImageObject\",\"inLanguage\":\"es\",\"@id\":\"https:\/\/miguelangeljoyeros.es\/#\/schema\/logo\/image\/\",\"url\":\"https:\/\/miguelangeljoyeros.es\/wp-content\/uploads\/2023\/08\/logo3.png\",\"contentUrl\":\"https:\/\/miguelangeljoyeros.es\/wp-content\/uploads\/2023\/08\/logo3.png\",\"width\":467,\"height\":187,\"caption\":\"Miguel \u00c1ngel Joyeros\"},\"image\":{\"@id\":\"https:\/\/miguelangeljoyeros.es\/#\/schema\/logo\/image\/\"},\"sameAs\":[\"https:\/\/www.facebook.com\/joyeria.miguelangel.31\/\"]}]}<\/script>\n<!-- \/ Yoast SEO plugin. -->","yoast_head_json":{"title":"Politica de Privacidad - Miguel Angel Joyeros","robots":{"index":"index","follow":"follow","max-snippet":"max-snippet:-1","max-image-preview":"max-image-preview:large","max-video-preview":"max-video-preview:-1"},"canonical":"https:\/\/miguelangeljoyeros.es\/index.php\/politica-de-privacidad\/","og_locale":"es_ES","og_type":"article","og_title":"Politica de Privacidad - Miguel Angel Joyeros","og_description":"En MIGUEL ANGEL NAVARRO CALERO nos preocupamos por la privacidad y la transparencia. A continuaci\u00f3n, le indicamos en detalle los tratamientos de datos personales que realizamos, as\u00ed como toda la informaci\u00f3n relativa a los mismos. Informaci\u00f3n b\u00e1sica sobre Protecci\u00f3n de datos Responsable: MIGUEL ANGEL NAVARRO CALERO Finalidad: Atender su solicitud y enviarle comunicaciones promocionales Legitimaci\u00f3n: Ejecuci\u00f3n de un contrato o medidas precontractuales.Consentimiento del interesado.Inter\u00e9s leg\u00edtimo del Responsable. Destinatarios: No se ceder\u00e1n datos a terceros, salvo obligaci\u00f3n legal. Derechos: Tiene derecho a acceder, rectificar y suprimir los datos, as\u00ed comootros derechos, indicados en la informaci\u00f3n adicional, que puedeejercer dirigi\u00e9ndose a sergio@prevecam.es.","og_url":"https:\/\/miguelangeljoyeros.es\/index.php\/politica-de-privacidad\/","og_site_name":"Miguel Angel Joyeros","article_publisher":"https:\/\/www.facebook.com\/joyeria.miguelangel.31\/","article_modified_time":"2025-07-16T08:00:30+00:00","og_image":[{"width":467,"height":187,"url":"https:\/\/miguelangeljoyeros.es\/wp-content\/uploads\/2023\/08\/logo3.png","type":"image\/png"}],"twitter_card":"summary_large_image","twitter_misc":{"Tiempo de lectura":"4 minutos"},"schema":{"@context":"https:\/\/schema.org","@graph":[{"@type":"WebPage","@id":"https:\/\/miguelangeljoyeros.es\/index.php\/politica-de-privacidad\/","url":"https:\/\/miguelangeljoyeros.es\/index.php\/politica-de-privacidad\/","name":"Politica de Privacidad - Miguel Angel Joyeros","isPartOf":{"@id":"https:\/\/miguelangeljoyeros.es\/#website"},"datePublished":"2025-07-15T12:33:09+00:00","dateModified":"2025-07-16T08:00:30+00:00","breadcrumb":{"@id":"https:\/\/miguelangeljoyeros.es\/index.php\/politica-de-privacidad\/#breadcrumb"},"inLanguage":"es","potentialAction":[{"@type":"ReadAction","target":["https:\/\/miguelangeljoyeros.es\/index.php\/politica-de-privacidad\/"]}]},{"@type":"BreadcrumbList","@id":"https:\/\/miguelangeljoyeros.es\/index.php\/politica-de-privacidad\/#breadcrumb","itemListElement":[{"@type":"ListItem","position":1,"name":"Portada","item":"https:\/\/miguelangeljoyeros.es\/"},{"@type":"ListItem","position":2,"name":"Politica de Privacidad"}]},{"@type":"WebSite","@id":"https:\/\/miguelangeljoyeros.es\/#website","url":"https:\/\/miguelangeljoyeros.es\/","name":"Miguel \u00c1ngel Joyeros","description":"Venta y reparaci\u00f3n de joyer\u00eda y relojer\u00eda de alta calidad","publisher":{"@id":"https:\/\/miguelangeljoyeros.es\/#organization"},"alternateName":"Miguel \u00c1ngel Joyeros","potentialAction":[{"@type":"SearchAction","target":{"@type":"EntryPoint","urlTemplate":"https:\/\/miguelangeljoyeros.es\/?s={search_term_string}"},"query-input":{"@type":"PropertyValueSpecification","valueRequired":true,"valueName":"search_term_string"}}],"inLanguage":"es"},{"@type":"Organization","@id":"https:\/\/miguelangeljoyeros.es\/#organization","name":"Miguel \u00c1ngel Joyeros","url":"https:\/\/miguelangeljoyeros.es\/","logo":{"@type":"ImageObject","inLanguage":"es","@id":"https:\/\/miguelangeljoyeros.es\/#\/schema\/logo\/image\/","url":"https:\/\/miguelangeljoyeros.es\/wp-content\/uploads\/2023\/08\/logo3.png","contentUrl":"https:\/\/miguelangeljoyeros.es\/wp-content\/uploads\/2023\/08\/logo3.png","width":467,"height":187,"caption":"Miguel \u00c1ngel Joyeros"},"image":{"@id":"https:\/\/miguelangeljoyeros.es\/#\/schema\/logo\/image\/"},"sameAs":["https:\/\/www.facebook.com\/joyeria.miguelangel.31\/"]}]}},"_links":{"self":[{"href":"https:\/\/miguelangeljoyeros.es\/index.php\/wp-json\/wp\/v2\/pages\/983"}],"collection":[{"href":"https:\/\/miguelangeljoyeros.es\/index.php\/wp-json\/wp\/v2\/pages"}],"about":[{"href":"https:\/\/miguelangeljoyeros.es\/index.php\/wp-json\/wp\/v2\/types\/page"}],"author":[{"embeddable":true,"href":"https:\/\/miguelangeljoyeros.es\/index.php\/wp-json\/wp\/v2\/users\/1"}],"replies":[{"embeddable":true,"href":"https:\/\/miguelangeljoyeros.es\/index.php\/wp-json\/wp\/v2\/comments?post=983"}],"version-history":[{"count":11,"href":"https:\/\/miguelangeljoyeros.es\/index.php\/wp-json\/wp\/v2\/pages\/983\/revisions"}],"predecessor-version":[{"id":1002,"href":"https:\/\/miguelangeljoyeros.es\/index.php\/wp-json\/wp\/v2\/pages\/983\/revisions\/1002"}],"wp:attachment":[{"href":"https:\/\/miguelangeljoyeros.es\/index.php\/wp-json\/wp\/v2\/media?parent=983"}],"curies":[{"name":"wp","href":"https:\/\/api.w.org\/{rel}","templated":true}]}}