{"id":354,"date":"2024-11-19T11:16:22","date_gmt":"2024-11-19T11:16:22","guid":{"rendered":"https:\/\/miguelangeljoyeros.es\/?post_type=product&#038;p=354"},"modified":"2024-11-19T11:16:23","modified_gmt":"2024-11-19T11:16:23","slug":"time-master-ultra-slim","status":"publish","type":"product","link":"https:\/\/miguelangeljoyeros.es\/index.php\/producto\/time-master-ultra-slim\/","title":{"rendered":"Time Master Ultra Slim"},"content":{"rendered":"<p>Por primera vez en nuestra historia Time Force damos a conocer el Time Master extraplano o \u201cUltra Slim\u201d. Los relojes extraplanos son caracter\u00edsticos de la alta relojer\u00eda suiza, de la cual Time Force se inspira directamente por medio de sus propietarios suizos y fundaci\u00f3n en el cant\u00f3n de Argovia en 1991.<br \/>\nCon 6 mil\u00edmetros de grosor de caja y un cristal \u201c<i>bomb\u00e9<\/i>\u201d, Time Force ofrece una propuesta de valor indiscutible que destaca por su calidad y detalle.<br \/>\nLa pulsera en silicona, por ejemplo, al igual que su esfera presenta un acabado con estilo fibra de carbono que refleja el esp\u00edritu deportivo que caracteriza el coraz\u00f3n hist\u00f3rico de Time Force.<br \/>\nPor supuesto bajo nuestra legendaria colecci\u00f3n Time Master, cuya relevancia e importancia merec\u00eda darle una nueva incorporaci\u00f3n que rindiera homenaje a sus ra\u00edces suizas y el legado de nuestros dise\u00f1os.<\/p>\n","protected":false},"excerpt":{"rendered":"<p>Por primera vez en nuestra historia Time Force damos a conocer el Time Master extraplano o \u201cUltra Slim\u201d. Los relojes extraplanos son caracter\u00edsticos de la alta relojer\u00eda suiza, de la cual Time Force se inspira directamente por medio de sus propietarios suizos y fundaci\u00f3n en el cant\u00f3n de Argovia en 1991. Con 6 mil\u00edmetros de grosor de caja y un cristal \u201cbomb\u00e9\u201d, Time Force ofrece una propuesta de valor indiscutible que destaca por su calidad y detalle. La pulsera en silicona, por ejemplo, al igual que su esfera presenta un acabado con estilo fibra de carbono que refleja el esp\u00edritu<\/p>\n","protected":false},"featured_media":355,"template":"","meta":[],"product_cat":[31,52],"product_tag":[],"class_list":{"0":"post-354","1":"product","2":"type-product","3":"status-publish","4":"has-post-thumbnail","6":"product_cat-relojes-caballero","7":"product_cat-time-force","9":"first","10":"instock","11":"shipping-taxable","12":"product-type-simple"},"yoast_head":"<!-- This site is optimized with the Yoast SEO plugin v23.7 - https:\/\/yoast.com\/wordpress\/plugins\/seo\/ -->\n<title>Time Master Ultra Slim - Miguel Angel Joyeros<\/title>\n<meta name=\"robots\" content=\"index, follow, max-snippet:-1, max-image-preview:large, max-video-preview:-1\" \/>\n<link rel=\"canonical\" href=\"https:\/\/miguelangeljoyeros.es\/index.php\/producto\/time-master-ultra-slim\/\" \/>\n<meta property=\"og:locale\" content=\"es_ES\" \/>\n<meta property=\"og:type\" content=\"article\" \/>\n<meta property=\"og:title\" content=\"Time Master Ultra Slim - Miguel Angel Joyeros\" \/>\n<meta property=\"og:description\" content=\"Por primera vez en nuestra historia Time Force damos a conocer el Time Master extraplano o \u201cUltra Slim\u201d. Los relojes extraplanos son caracter\u00edsticos de la alta relojer\u00eda suiza, de la cual Time Force se inspira directamente por medio de sus propietarios suizos y fundaci\u00f3n en el cant\u00f3n de Argovia en 1991. Con 6 mil\u00edmetros de grosor de caja y un cristal \u201cbomb\u00e9\u201d, Time Force ofrece una propuesta de valor indiscutible que destaca por su calidad y detalle. La pulsera en silicona, por ejemplo, al igual que su esfera presenta un acabado con estilo fibra de carbono que refleja el esp\u00edritu\" \/>\n<meta property=\"og:url\" content=\"https:\/\/miguelangeljoyeros.es\/index.php\/producto\/time-master-ultra-slim\/\" \/>\n<meta property=\"og:site_name\" content=\"Miguel Angel Joyeros\" \/>\n<meta property=\"article:publisher\" content=\"https:\/\/www.facebook.com\/joyeria.miguelangel.31\/\" \/>\n<meta property=\"article:modified_time\" content=\"2024-11-19T11:16:23+00:00\" \/>\n<meta property=\"og:image\" content=\"https:\/\/miguelangeljoyeros.es\/wp-content\/uploads\/2024\/11\/0238_tfwa_001_slim_rubber_35dg.webp\" \/>\n\t<meta property=\"og:image:width\" content=\"800\" \/>\n\t<meta property=\"og:image:height\" content=\"960\" \/>\n\t<meta property=\"og:image:type\" content=\"image\/webp\" \/>\n<meta name=\"twitter:card\" content=\"summary_large_image\" \/>\n<meta name=\"twitter:label1\" content=\"Tiempo de lectura\" \/>\n\t<meta name=\"twitter:data1\" content=\"1 minuto\" \/>\n<script type=\"application\/ld+json\" class=\"yoast-schema-graph\">{\"@context\":\"https:\/\/schema.org\",\"@graph\":[{\"@type\":\"WebPage\",\"@id\":\"https:\/\/miguelangeljoyeros.es\/index.php\/producto\/time-master-ultra-slim\/\",\"url\":\"https:\/\/miguelangeljoyeros.es\/index.php\/producto\/time-master-ultra-slim\/\",\"name\":\"Time Master Ultra Slim - Miguel Angel Joyeros\",\"isPartOf\":{\"@id\":\"https:\/\/miguelangeljoyeros.es\/#website\"},\"primaryImageOfPage\":{\"@id\":\"https:\/\/miguelangeljoyeros.es\/index.php\/producto\/time-master-ultra-slim\/#primaryimage\"},\"image\":{\"@id\":\"https:\/\/miguelangeljoyeros.es\/index.php\/producto\/time-master-ultra-slim\/#primaryimage\"},\"thumbnailUrl\":\"https:\/\/miguelangeljoyeros.es\/wp-content\/uploads\/2024\/11\/0238_tfwa_001_slim_rubber_35dg.webp\",\"datePublished\":\"2024-11-19T11:16:22+00:00\",\"dateModified\":\"2024-11-19T11:16:23+00:00\",\"breadcrumb\":{\"@id\":\"https:\/\/miguelangeljoyeros.es\/index.php\/producto\/time-master-ultra-slim\/#breadcrumb\"},\"inLanguage\":\"es\",\"potentialAction\":[{\"@type\":\"ReadAction\",\"target\":[\"https:\/\/miguelangeljoyeros.es\/index.php\/producto\/time-master-ultra-slim\/\"]}]},{\"@type\":\"ImageObject\",\"inLanguage\":\"es\",\"@id\":\"https:\/\/miguelangeljoyeros.es\/index.php\/producto\/time-master-ultra-slim\/#primaryimage\",\"url\":\"https:\/\/miguelangeljoyeros.es\/wp-content\/uploads\/2024\/11\/0238_tfwa_001_slim_rubber_35dg.webp\",\"contentUrl\":\"https:\/\/miguelangeljoyeros.es\/wp-content\/uploads\/2024\/11\/0238_tfwa_001_slim_rubber_35dg.webp\",\"width\":800,\"height\":960},{\"@type\":\"BreadcrumbList\",\"@id\":\"https:\/\/miguelangeljoyeros.es\/index.php\/producto\/time-master-ultra-slim\/#breadcrumb\",\"itemListElement\":[{\"@type\":\"ListItem\",\"position\":1,\"name\":\"Portada\",\"item\":\"https:\/\/miguelangeljoyeros.es\/\"},{\"@type\":\"ListItem\",\"position\":2,\"name\":\"Tienda\",\"item\":\"https:\/\/miguelangeljoyeros.es\/index.php\/tienda\/\"},{\"@type\":\"ListItem\",\"position\":3,\"name\":\"Time Master Ultra Slim\"}]},{\"@type\":\"WebSite\",\"@id\":\"https:\/\/miguelangeljoyeros.es\/#website\",\"url\":\"https:\/\/miguelangeljoyeros.es\/\",\"name\":\"Miguel \u00c1ngel Joyeros\",\"description\":\"Venta y reparaci\u00f3n de joyer\u00eda y relojer\u00eda de alta calidad\",\"publisher\":{\"@id\":\"https:\/\/miguelangeljoyeros.es\/#organization\"},\"alternateName\":\"Miguel \u00c1ngel Joyeros\",\"potentialAction\":[{\"@type\":\"SearchAction\",\"target\":{\"@type\":\"EntryPoint\",\"urlTemplate\":\"https:\/\/miguelangeljoyeros.es\/?s={search_term_string}\"},\"query-input\":{\"@type\":\"PropertyValueSpecification\",\"valueRequired\":true,\"valueName\":\"search_term_string\"}}],\"inLanguage\":\"es\"},{\"@type\":\"Organization\",\"@id\":\"https:\/\/miguelangeljoyeros.es\/#organization\",\"name\":\"Miguel \u00c1ngel Joyeros\",\"url\":\"https:\/\/miguelangeljoyeros.es\/\",\"logo\":{\"@type\":\"ImageObject\",\"inLanguage\":\"es\",\"@id\":\"https:\/\/miguelangeljoyeros.es\/#\/schema\/logo\/image\/\",\"url\":\"https:\/\/miguelangeljoyeros.es\/wp-content\/uploads\/2023\/08\/logo3.png\",\"contentUrl\":\"https:\/\/miguelangeljoyeros.es\/wp-content\/uploads\/2023\/08\/logo3.png\",\"width\":467,\"height\":187,\"caption\":\"Miguel \u00c1ngel Joyeros\"},\"image\":{\"@id\":\"https:\/\/miguelangeljoyeros.es\/#\/schema\/logo\/image\/\"},\"sameAs\":[\"https:\/\/www.facebook.com\/joyeria.miguelangel.31\/\"]}]}<\/script>\n<!-- \/ Yoast SEO plugin. -->","yoast_head_json":{"title":"Time Master Ultra Slim - Miguel Angel Joyeros","robots":{"index":"index","follow":"follow","max-snippet":"max-snippet:-1","max-image-preview":"max-image-preview:large","max-video-preview":"max-video-preview:-1"},"canonical":"https:\/\/miguelangeljoyeros.es\/index.php\/producto\/time-master-ultra-slim\/","og_locale":"es_ES","og_type":"article","og_title":"Time Master Ultra Slim - Miguel Angel Joyeros","og_description":"Por primera vez en nuestra historia Time Force damos a conocer el Time Master extraplano o \u201cUltra Slim\u201d. Los relojes extraplanos son caracter\u00edsticos de la alta relojer\u00eda suiza, de la cual Time Force se inspira directamente por medio de sus propietarios suizos y fundaci\u00f3n en el cant\u00f3n de Argovia en 1991. Con 6 mil\u00edmetros de grosor de caja y un cristal \u201cbomb\u00e9\u201d, Time Force ofrece una propuesta de valor indiscutible que destaca por su calidad y detalle. La pulsera en silicona, por ejemplo, al igual que su esfera presenta un acabado con estilo fibra de carbono que refleja el esp\u00edritu","og_url":"https:\/\/miguelangeljoyeros.es\/index.php\/producto\/time-master-ultra-slim\/","og_site_name":"Miguel Angel Joyeros","article_publisher":"https:\/\/www.facebook.com\/joyeria.miguelangel.31\/","article_modified_time":"2024-11-19T11:16:23+00:00","og_image":[{"width":800,"height":960,"url":"https:\/\/miguelangeljoyeros.es\/wp-content\/uploads\/2024\/11\/0238_tfwa_001_slim_rubber_35dg.webp","type":"image\/webp"}],"twitter_card":"summary_large_image","twitter_misc":{"Tiempo de lectura":"1 minuto"},"schema":{"@context":"https:\/\/schema.org","@graph":[{"@type":"WebPage","@id":"https:\/\/miguelangeljoyeros.es\/index.php\/producto\/time-master-ultra-slim\/","url":"https:\/\/miguelangeljoyeros.es\/index.php\/producto\/time-master-ultra-slim\/","name":"Time Master Ultra Slim - Miguel Angel Joyeros","isPartOf":{"@id":"https:\/\/miguelangeljoyeros.es\/#website"},"primaryImageOfPage":{"@id":"https:\/\/miguelangeljoyeros.es\/index.php\/producto\/time-master-ultra-slim\/#primaryimage"},"image":{"@id":"https:\/\/miguelangeljoyeros.es\/index.php\/producto\/time-master-ultra-slim\/#primaryimage"},"thumbnailUrl":"https:\/\/miguelangeljoyeros.es\/wp-content\/uploads\/2024\/11\/0238_tfwa_001_slim_rubber_35dg.webp","datePublished":"2024-11-19T11:16:22+00:00","dateModified":"2024-11-19T11:16:23+00:00","breadcrumb":{"@id":"https:\/\/miguelangeljoyeros.es\/index.php\/producto\/time-master-ultra-slim\/#breadcrumb"},"inLanguage":"es","potentialAction":[{"@type":"ReadAction","target":["https:\/\/miguelangeljoyeros.es\/index.php\/producto\/time-master-ultra-slim\/"]}]},{"@type":"ImageObject","inLanguage":"es","@id":"https:\/\/miguelangeljoyeros.es\/index.php\/producto\/time-master-ultra-slim\/#primaryimage","url":"https:\/\/miguelangeljoyeros.es\/wp-content\/uploads\/2024\/11\/0238_tfwa_001_slim_rubber_35dg.webp","contentUrl":"https:\/\/miguelangeljoyeros.es\/wp-content\/uploads\/2024\/11\/0238_tfwa_001_slim_rubber_35dg.webp","width":800,"height":960},{"@type":"BreadcrumbList","@id":"https:\/\/miguelangeljoyeros.es\/index.php\/producto\/time-master-ultra-slim\/#breadcrumb","itemListElement":[{"@type":"ListItem","position":1,"name":"Portada","item":"https:\/\/miguelangeljoyeros.es\/"},{"@type":"ListItem","position":2,"name":"Tienda","item":"https:\/\/miguelangeljoyeros.es\/index.php\/tienda\/"},{"@type":"ListItem","position":3,"name":"Time Master Ultra Slim"}]},{"@type":"WebSite","@id":"https:\/\/miguelangeljoyeros.es\/#website","url":"https:\/\/miguelangeljoyeros.es\/","name":"Miguel \u00c1ngel Joyeros","description":"Venta y reparaci\u00f3n de joyer\u00eda y relojer\u00eda de alta calidad","publisher":{"@id":"https:\/\/miguelangeljoyeros.es\/#organization"},"alternateName":"Miguel \u00c1ngel Joyeros","potentialAction":[{"@type":"SearchAction","target":{"@type":"EntryPoint","urlTemplate":"https:\/\/miguelangeljoyeros.es\/?s={search_term_string}"},"query-input":{"@type":"PropertyValueSpecification","valueRequired":true,"valueName":"search_term_string"}}],"inLanguage":"es"},{"@type":"Organization","@id":"https:\/\/miguelangeljoyeros.es\/#organization","name":"Miguel \u00c1ngel Joyeros","url":"https:\/\/miguelangeljoyeros.es\/","logo":{"@type":"ImageObject","inLanguage":"es","@id":"https:\/\/miguelangeljoyeros.es\/#\/schema\/logo\/image\/","url":"https:\/\/miguelangeljoyeros.es\/wp-content\/uploads\/2023\/08\/logo3.png","contentUrl":"https:\/\/miguelangeljoyeros.es\/wp-content\/uploads\/2023\/08\/logo3.png","width":467,"height":187,"caption":"Miguel \u00c1ngel Joyeros"},"image":{"@id":"https:\/\/miguelangeljoyeros.es\/#\/schema\/logo\/image\/"},"sameAs":["https:\/\/www.facebook.com\/joyeria.miguelangel.31\/"]}]}},"_links":{"self":[{"href":"https:\/\/miguelangeljoyeros.es\/index.php\/wp-json\/wp\/v2\/product\/354"}],"collection":[{"href":"https:\/\/miguelangeljoyeros.es\/index.php\/wp-json\/wp\/v2\/product"}],"about":[{"href":"https:\/\/miguelangeljoyeros.es\/index.php\/wp-json\/wp\/v2\/types\/product"}],"wp:featuredmedia":[{"embeddable":true,"href":"https:\/\/miguelangeljoyeros.es\/index.php\/wp-json\/wp\/v2\/media\/355"}],"wp:attachment":[{"href":"https:\/\/miguelangeljoyeros.es\/index.php\/wp-json\/wp\/v2\/media?parent=354"}],"wp:term":[{"taxonomy":"product_cat","embeddable":true,"href":"https:\/\/miguelangeljoyeros.es\/index.php\/wp-json\/wp\/v2\/product_cat?post=354"},{"taxonomy":"product_tag","embeddable":true,"href":"https:\/\/miguelangeljoyeros.es\/index.php\/wp-json\/wp\/v2\/product_tag?post=354"}],"curies":[{"name":"wp","href":"https:\/\/api.w.org\/{rel}","templated":true}]}}